{"id":4675,"date":"2021-02-12T11:29:10","date_gmt":"2021-02-12T11:29:10","guid":{"rendered":"https:\/\/cinerama.qodeinteractive.com\/elementor\/?page_id=4675"},"modified":"2024-02-17T14:56:28","modified_gmt":"2024-02-17T14:56:28","slug":"about-us-2","status":"publish","type":"page","link":"https:\/\/muvimento.com\/?page_id=4675","title":{"rendered":"About us muv"},"content":{"rendered":"\t\t<div data-elementor-type=\"wp-page\" data-elementor-id=\"4675\" class=\"elementor elementor-4675\">\n\t\t\t\t\t\t<section class=\"edgtf-parallax-row-holder elementor-section elementor-top-section elementor-element elementor-element-73f0b1c6 elementor-section-full_width edgtf-parallax-row-holder elementor-section-height-default elementor-section-height-default edgtf-content-aligment-left edgtf-elementor-row-grid-no edgtf-disabled-bg-image-bellow-no\" data-parallax-bg-speed=\"1\" data-parallax-bg-image=\"https:\/\/cinerama.qodeinteractive.com\/elementor\/wp-content\/uploads\/2018\/04\/About-page-parallax-img.jpg\" data-parallax-bg-height=\"0\" data-id=\"73f0b1c6\" data-element_type=\"section\" data-e-type=\"section\" data-settings=\"{&quot;background_background&quot;:&quot;classic&quot;,&quot;edge_parallax_image&quot;:{&quot;url&quot;:&quot;https:\\\/\\\/cinerama.qodeinteractive.com\\\/elementor\\\/wp-content\\\/uploads\\\/2018\\\/04\\\/About-page-parallax-img.jpg&quot;,&quot;id&quot;:349,&quot;size&quot;:&quot;&quot;}}\">\n\t\t\t\t\t\t<div class=\"elementor-container elementor-column-gap-default\">\n\t\t\t\t\t<div class=\"elementor-column elementor-col-100 elementor-top-column elementor-element elementor-element-4ffd66c4\" data-id=\"4ffd66c4\" data-element_type=\"column\" data-e-type=\"column\" data-settings=\"{&quot;background_background&quot;:&quot;classic&quot;}\">\n\t\t\t<div class=\"elementor-widget-wrap elementor-element-populated\">\n\t\t\t\t\t\t<section class=\"elementor-section elementor-inner-section elementor-element elementor-element-1ee2e726 elementor-section-full_width elementor-section-height-default elementor-section-height-default edgtf-parallax-row-no edgtf-content-aligment-left edgtf-elementor-row-grid-no edgtf-disabled-bg-image-bellow-no\" data-id=\"1ee2e726\" data-element_type=\"section\" data-e-type=\"section\">\n\t\t\t\t\t\t<div class=\"elementor-container elementor-column-gap-default\">\n\t\t\t\t\t<div class=\"elementor-column elementor-col-50 elementor-inner-column elementor-element elementor-element-683a6beb\" data-id=\"683a6beb\" data-element_type=\"column\" data-e-type=\"column\">\n\t\t\t<div class=\"elementor-widget-wrap elementor-element-populated\">\n\t\t\t\t\t\t<div class=\"elementor-element elementor-element-2201ce68 elementor-widget__width-auto elementor-widget elementor-widget-edgtf_counter\" data-id=\"2201ce68\" data-element_type=\"widget\" data-e-type=\"widget\" data-widget_type=\"edgtf_counter.default\">\n\t\t\t\t<div class=\"elementor-widget-container\">\n\t\t\t\t\t<div class=\"edgtf-counter-holder \">\n\t<div class=\"edgtf-counter-inner\" style=\"text-align: center\">\n\t\t\t\t\t<span class=\"edgtf-counter edgtf-zero-counter\" style=\"color: #FFFFFF\">4<\/span>\n\t\t\t\t\t\t\t<h6 class=\"edgtf-counter-title\" style=\"color: #FFFFFF\">\n\t\t\t\tYEARS\t\t\t<\/h6>\n\t\t\t\t\t<\/div>\n<\/div>\t\t\t\t<\/div>\n\t\t\t\t<\/div>\n\t\t\t\t<div class=\"elementor-element elementor-element-239f1a4 elementor-widget__width-auto elementor-widget elementor-widget-edgtf_counter\" data-id=\"239f1a4\" data-element_type=\"widget\" data-e-type=\"widget\" data-widget_type=\"edgtf_counter.default\">\n\t\t\t\t<div class=\"elementor-widget-container\">\n\t\t\t\t\t<div class=\"edgtf-counter-holder \">\n\t<div class=\"edgtf-counter-inner\" style=\"text-align: center\">\n\t\t\t\t\t<span class=\"edgtf-counter edgtf-zero-counter\" style=\"color: #FFFFFF\">3 films<\/span>\n\t\t\t\t\t\t\t<h6 class=\"edgtf-counter-title\" style=\"color: #FFFFFF\">\n\t\t\t\tFILMS\t\t\t<\/h6>\n\t\t\t\t\t<\/div>\n<\/div>\t\t\t\t<\/div>\n\t\t\t\t<\/div>\n\t\t\t\t<div class=\"elementor-element elementor-element-5dcb910 elementor-widget__width-auto elementor-widget elementor-widget-edgtf_counter\" data-id=\"5dcb910\" data-element_type=\"widget\" data-e-type=\"widget\" data-widget_type=\"edgtf_counter.default\">\n\t\t\t\t<div class=\"elementor-widget-container\">\n\t\t\t\t\t<div class=\"edgtf-counter-holder \">\n\t<div class=\"edgtf-counter-inner\" style=\"text-align: center\">\n\t\t\t\t\t<span class=\"edgtf-counter edgtf-zero-counter\" style=\"color: #FFFFFF\">60<\/span>\n\t\t\t\t\t\t\t<h6 class=\"edgtf-counter-title\" style=\"color: #FFFFFF\">\n\t\t\t\tSCENES\t\t\t<\/h6>\n\t\t\t\t\t<\/div>\n<\/div>\t\t\t\t<\/div>\n\t\t\t\t<\/div>\n\t\t\t\t\t<\/div>\n\t\t<\/div>\n\t\t\t\t<div class=\"elementor-column elementor-col-50 elementor-inner-column elementor-element elementor-element-327f09cf\" data-id=\"327f09cf\" data-element_type=\"column\" data-e-type=\"column\">\n\t\t\t<div class=\"elementor-widget-wrap elementor-element-populated\">\n\t\t\t\t\t\t<div class=\"elementor-element elementor-element-35466259 elementor-widget elementor-widget-text-editor\" data-id=\"35466259\" data-element_type=\"widget\" data-e-type=\"widget\" data-widget_type=\"text-editor.default\">\n\t\t\t\t<div class=\"elementor-widget-container\">\n\t\t\t\t\t\t\t\t\t<p>CHRISTIAN DEHUGO<\/p>\t\t\t\t\t\t\t\t<\/div>\n\t\t\t\t<\/div>\n\t\t\t\t<div class=\"elementor-element elementor-element-345a3ec6 elementor-widget elementor-widget-text-editor\" data-id=\"345a3ec6\" data-element_type=\"widget\" data-e-type=\"widget\" data-widget_type=\"text-editor.default\">\n\t\t\t\t<div class=\"elementor-widget-container\">\n\t\t\t\t\t\t\t\t\t<p class=\"cvGsUA direction-ltr align-start para-style-body\"><span class=\"OYPEnA text-decoration-none text-strikethrough-none\">Licenciado en estudios superiores de m\u00fasica contempor\u00e1nea\u00a0<\/span><span class=\"OYPEnA text-decoration-none text-strikethrough-none\">en \u201cThames Valley university\u201d Londres, en las especialidades de percusi\u00f3n y producci\u00f3n musical. Compositor y profesor de m\u00fasica con m\u00e1s de cincuenta obras de diferentes estilos publicadas, destacando las bandas sonoras de los documentales \u201c24, Castilla y le\u00f3n en un d\u00eda\u201d, \u201cEl sue\u00f1o ilustrado\u201d y \u201cNous\u201d. Como director cinematogr\u00e1fico ha realizado tres documentales hasta la fecha, comenzando con la co-direcci\u00f3n junto a Henar Rodriguez de \u201cNous, la evoluci\u00f3n del pensamiento\u201d, estrenado en la Seminci en 2019, uno de los festivales de cine independiente m\u00e1s importantes de Europa. Tambi\u00e9n es autor de \u201cDioulasso\u201d un documental in\u00e9dito realizado en el a\u00f1o 2021, sobre el proyecto del bailar\u00edn Issa Sanou \u201cVapaj\u201d, un espect\u00e1culo que combina teatro, danza y m\u00fasica,<\/span> <span class=\"OYPEnA text-decoration-none text-strikethrough-none\">interpretado por j\u00f3venes artistas en Bobo Dioulasso, Burkina Faso. En 2022 finaliza su documental \u201cMaat\u00e9, La Maman D\u2019Afrique\u201d, que narra la vida de Maat\u00e9 Keita, Guineano-Marfile\u00f1a, perteneciente al famoso trio musical Africano \u201cGo de Koteba\u201d y que fu\u00e9 estrenado en 2023 en el \u201cNew York African Film Festival\u201d y posteriormente en el \u201cLondon Panafrican International Film Festival\u201d .<\/span><\/p>\t\t\t\t\t\t\t\t<\/div>\n\t\t\t\t<\/div>\n\t\t\t\t<div class=\"elementor-element elementor-element-20bcf0bf elementor-widget elementor-widget-edgtf_button\" data-id=\"20bcf0bf\" data-element_type=\"widget\" data-e-type=\"widget\" data-widget_type=\"edgtf_button.default\">\n\t\t\t\t<div class=\"elementor-widget-container\">\n\t\t\t\t\t<a itemprop=\"url\" href=\"#\" target=\"_self\"  class=\"edgtf-btn edgtf-btn-medium edgtf-btn-outline edgtf-btn-light edgtf-hover-animation\"  >\n    <span class=\"edgtf-btn-text\">Read More<\/span>\n    <\/a>\t\t\t\t<\/div>\n\t\t\t\t<\/div>\n\t\t\t\t\t<\/div>\n\t\t<\/div>\n\t\t\t\t\t<\/div>\n\t\t<\/section>\n\t\t\t\t\t<\/div>\n\t\t<\/div>\n\t\t\t\t\t<\/div>\n\t\t<\/section>\n\t\t\t\t<section class=\"elementor-section elementor-top-section elementor-element elementor-element-7580b445 edgtf-elementor-row-grid-section elementor-section-full_width elementor-section-height-default elementor-section-height-default edgtf-parallax-row-no edgtf-content-aligment-left edgtf-disabled-bg-image-bellow-no\" data-id=\"7580b445\" data-element_type=\"section\" data-e-type=\"section\">\n\t\t\t\t\t\t<div class=\"elementor-container elementor-column-gap-default\">\n\t\t\t\t\t<div class=\"elementor-column elementor-col-100 elementor-top-column elementor-element elementor-element-131acc88\" data-id=\"131acc88\" data-element_type=\"column\" data-e-type=\"column\">\n\t\t\t<div class=\"elementor-widget-wrap elementor-element-populated\">\n\t\t\t\t\t\t<div class=\"elementor-element elementor-element-22e64158 elementor-widget elementor-widget-edgtf_section_title\" data-id=\"22e64158\" data-element_type=\"widget\" data-e-type=\"widget\" data-widget_type=\"edgtf_section_title.default\">\n\t\t\t\t<div class=\"elementor-widget-container\">\n\t\t\t\t\t<div class=\"edgtf-section-title-holder  edgtf-st-reverse edgtf-st-title-left edgtf-st-ratio-1-2 edgtf-st-large-space\" style=\"text-align: center\">\n\t<div class=\"edgtf-st-inner\">\n\t\t\t\t\t\t\t<h3 class=\"edgtf-st-title\" style=\"color: #FAF9F9\">\n\t\t\t\tFILM POSTERS\t\t\t<\/h3>\n\t\t\t<\/div>\n<\/div>\t\t\t\t<\/div>\n\t\t\t\t<\/div>\n\t\t\t\t\t<\/div>\n\t\t<\/div>\n\t\t\t\t\t<\/div>\n\t\t<\/section>\n\t\t\t\t<section class=\"elementor-section elementor-top-section elementor-element elementor-element-7b84207e elementor-section-full_width elementor-section-height-default elementor-section-height-default edgtf-parallax-row-no edgtf-content-aligment-left edgtf-elementor-row-grid-no edgtf-disabled-bg-image-bellow-no\" data-id=\"7b84207e\" data-element_type=\"section\" data-e-type=\"section\">\n\t\t\t\t\t\t<div class=\"elementor-container elementor-column-gap-default\">\n\t\t\t\t\t<div class=\"elementor-column elementor-col-100 elementor-top-column elementor-element elementor-element-12b740d5\" data-id=\"12b740d5\" data-element_type=\"column\" data-e-type=\"column\">\n\t\t\t<div class=\"elementor-widget-wrap elementor-element-populated\">\n\t\t\t\t\t\t<section class=\"elementor-section elementor-inner-section elementor-element elementor-element-58a9e6a5 elementor-section-full_width edgtf-elementor-row-grid-section elementor-section-height-default elementor-section-height-default edgtf-parallax-row-no edgtf-content-aligment-left edgtf-disabled-bg-image-bellow-no\" data-id=\"58a9e6a5\" data-element_type=\"section\" data-e-type=\"section\">\n\t\t\t\t\t\t<div class=\"elementor-container elementor-column-gap-default\">\n\t\t\t\t\t<div class=\"elementor-column elementor-col-33 elementor-inner-column elementor-element elementor-element-759dbfe1\" data-id=\"759dbfe1\" data-element_type=\"column\" data-e-type=\"column\">\n\t\t\t<div class=\"elementor-widget-wrap elementor-element-populated\">\n\t\t\t\t\t\t<div class=\"elementor-element elementor-element-ef23a2c elementor-widget elementor-widget-image\" data-id=\"ef23a2c\" data-element_type=\"widget\" data-e-type=\"widget\" data-widget_type=\"image.default\">\n\t\t\t\t<div class=\"elementor-widget-container\">\n\t\t\t\t\t\t\t\t\t\t\t\t\t\t\t<img fetchpriority=\"high\" decoding=\"async\" width=\"776\" height=\"1024\" src=\"https:\/\/muvimento.com\/wp-content\/uploads\/2022\/11\/CARTEL-OFICIAL_NOUS_7-776x1024.jpg\" class=\"attachment-large size-large wp-image-6243\" alt=\"\" srcset=\"https:\/\/muvimento.com\/wp-content\/uploads\/2022\/11\/CARTEL-OFICIAL_NOUS_7-776x1024.jpg 776w, https:\/\/muvimento.com\/wp-content\/uploads\/2022\/11\/CARTEL-OFICIAL_NOUS_7-e1668794175901-227x300.jpg 227w, https:\/\/muvimento.com\/wp-content\/uploads\/2022\/11\/CARTEL-OFICIAL_NOUS_7-768x1014.jpg 768w, https:\/\/muvimento.com\/wp-content\/uploads\/2022\/11\/CARTEL-OFICIAL_NOUS_7-e1668794175901.jpg 600w\" sizes=\"(max-width: 776px) 100vw, 776px\" \/>\t\t\t\t\t\t\t\t\t\t\t\t\t\t\t<\/div>\n\t\t\t\t<\/div>\n\t\t\t\t\t<\/div>\n\t\t<\/div>\n\t\t\t\t<div class=\"elementor-column elementor-col-33 elementor-inner-column elementor-element elementor-element-52f90e43\" data-id=\"52f90e43\" data-element_type=\"column\" data-e-type=\"column\">\n\t\t\t<div class=\"elementor-widget-wrap elementor-element-populated\">\n\t\t\t\t\t\t<div class=\"elementor-element elementor-element-7d5455fd elementor-widget elementor-widget-edgtf_team\" data-id=\"7d5455fd\" data-element_type=\"widget\" data-e-type=\"widget\" data-widget_type=\"edgtf_team.default\">\n\t\t\t\t<div class=\"elementor-widget-container\">\n\t\t\t\t\t<div class=\"edgtf-team-holder edgtf-team-info-below-image\">\n\t<div class=\"edgtf-team-inner\">\n\t\t\t\t\t<div class=\"edgtf-team-image\">\n                <img decoding=\"async\" width=\"641\" height=\"907\" src=\"https:\/\/muvimento.com\/wp-content\/uploads\/2022\/11\/DIOULASSO_CARTEL-1-e1668794106911.png\" class=\"attachment-full size-full\" alt=\"\" srcset=\"https:\/\/muvimento.com\/wp-content\/uploads\/2022\/11\/DIOULASSO_CARTEL-1-e1668794106911.png 641w, https:\/\/muvimento.com\/wp-content\/uploads\/2022\/11\/DIOULASSO_CARTEL-1-e1668794106911-212x300.png 212w, https:\/\/muvimento.com\/wp-content\/uploads\/2022\/11\/DIOULASSO_CARTEL-1-e1668794106911-600x849.png 600w\" sizes=\"(max-width: 641px) 100vw, 641px\" \/>\t\t\t\t<div class=\"edgtf-team-social-wrapper\">\n\t\t\t\t\t<div class=\"edgtf-team-social-outer\">\n\t\t\t\t\t\t<div class=\"edgtf-team-social-inner\">\n\t\t\t\t\t\t\t\t\t\t\t\t\t\t\t<p class=\"edgtf-team-text\" >Aliquam lorem ante, dapibus in, viverra quis, feugiat a, tellus elit. Phasellus rhoncus nulla ut metus.<\/p>\n\t\t\t\t\t\t\t\t\t\t\t\t\t\t\t\t\t\t\t\t\t\t<div class=\"edgtf-team-social-holder\">\n\t\t\t\t\t\t\t\t\t\t\t\t\t\t\t\t\t\t\t<span class=\"edgtf-team-icon\">    <span class=\"edgtf-icon-shortcode edgtf-normal   \">\n                    <a class=\"\" href=\"https:\/\/www.youtube.com\/QodeInteractiveVideos\" target=\"_blank\">\n                    <i class=\"edgtf-icon-font-awesome fab fa-youtube edgtf-icon-element\"><\/i>                    <\/a>\n            <\/span>\n<\/span>\n\t\t\t\t\t\t\t\t\t\t\t\t\t\t\t\t\t\t\t<span class=\"edgtf-team-icon\">    <span class=\"edgtf-icon-shortcode edgtf-normal   \">\n                    <a class=\"\" href=\"https:\/\/www.instagram.com\/qodeinteractive\/\" target=\"_blank\">\n                    <i class=\"edgtf-icon-font-awesome fab fa-instagram edgtf-icon-element\"><\/i>                    <\/a>\n            <\/span>\n<\/span>\n\t\t\t\t\t\t\t\t\t\t\t\t\t\t\t\t\t\t\t<span class=\"edgtf-team-icon\">    <span class=\"edgtf-icon-shortcode edgtf-normal   \">\n                    <a class=\"\" href=\"https:\/\/twitter.com\/QodeInteractive\" target=\"_blank\">\n                    <i class=\"edgtf-icon-font-awesome fab fa-twitter edgtf-icon-element\"><\/i>                    <\/a>\n            <\/span>\n<\/span>\n\t\t\t\t\t\t\t\t\t\t\t\t\t\t\t\t\t\t\t<span class=\"edgtf-team-icon\">    <span class=\"edgtf-icon-shortcode edgtf-normal   \">\n                    <a class=\"\" href=\"https:\/\/www.facebook.com\/QodeInteractive\/\" target=\"_blank\">\n                    <i class=\"edgtf-icon-font-awesome fab fa-facebook-f edgtf-icon-element\"><\/i>                    <\/a>\n            <\/span>\n<\/span>\n\t\t\t\t\t\t\t\t\t\t\t\t\t\t\t\t\t<\/div>\n\t\t\t\t\t\t\t\t\t\t\t\t\t<\/div>\n\t\t\t\t\t<\/div>\n\t\t\t\t<\/div>\n\t\t\t<\/div>\n\t\t\t\t<div class=\"edgtf-team-info\">\n\t\t\t\t\t\t\t<h5 class=\"edgtf-team-name\" >Kathy Kim<\/h5>\n\t\t\t\t\t\t\t\t\t\t<p class=\"edgtf-team-position\" >Movie Director<\/p>\n\t\t\t\t\t<\/div>\n\t<\/div>\n<\/div>\t\t\t\t<\/div>\n\t\t\t\t<\/div>\n\t\t\t\t\t<\/div>\n\t\t<\/div>\n\t\t\t\t<div class=\"elementor-column elementor-col-33 elementor-inner-column elementor-element elementor-element-5bfb5ce7\" data-id=\"5bfb5ce7\" data-element_type=\"column\" data-e-type=\"column\">\n\t\t\t<div class=\"elementor-widget-wrap elementor-element-populated\">\n\t\t\t\t\t\t<div class=\"elementor-element elementor-element-7c751950 elementor-widget elementor-widget-edgtf_team\" data-id=\"7c751950\" data-element_type=\"widget\" data-e-type=\"widget\" data-widget_type=\"edgtf_team.default\">\n\t\t\t\t<div class=\"elementor-widget-container\">\n\t\t\t\t\t<div class=\"edgtf-team-holder edgtf-team-info-below-image\">\n\t<div class=\"edgtf-team-inner\">\n\t\t\t\t\t<div class=\"edgtf-team-image\">\n                <img decoding=\"async\" width=\"641\" height=\"907\" src=\"https:\/\/muvimento.com\/wp-content\/uploads\/2022\/11\/CARTEL-MAATE_ENGLISH_FINAL-2-e1668794024460.png\" class=\"attachment-full size-full\" alt=\"\" srcset=\"https:\/\/muvimento.com\/wp-content\/uploads\/2022\/11\/CARTEL-MAATE_ENGLISH_FINAL-2-e1668794024460.png 641w, https:\/\/muvimento.com\/wp-content\/uploads\/2022\/11\/CARTEL-MAATE_ENGLISH_FINAL-2-e1668794024460-212x300.png 212w, https:\/\/muvimento.com\/wp-content\/uploads\/2022\/11\/CARTEL-MAATE_ENGLISH_FINAL-2-e1668794024460-600x849.png 600w\" sizes=\"(max-width: 641px) 100vw, 641px\" \/>\t\t\t\t<div class=\"edgtf-team-social-wrapper\">\n\t\t\t\t\t<div class=\"edgtf-team-social-outer\">\n\t\t\t\t\t\t<div class=\"edgtf-team-social-inner\">\n\t\t\t\t\t\t\t\t\t\t\t\t\t\t\t<p class=\"edgtf-team-text\" >Aliquam lorem ante, dapibus in, viverra quis, feugiat a, tellus elit. Phasellus rhoncus nulla ut metus.<\/p>\n\t\t\t\t\t\t\t\t\t\t\t\t\t\t\t\t\t\t\t\t\t\t<div class=\"edgtf-team-social-holder\">\n\t\t\t\t\t\t\t\t\t\t\t\t\t\t\t\t\t\t\t<span class=\"edgtf-team-icon\">    <span class=\"edgtf-icon-shortcode edgtf-normal   \">\n                    <a class=\"\" href=\"https:\/\/www.youtube.com\/QodeInteractiveVideos\" target=\"_blank\">\n                    <i class=\"edgtf-icon-font-awesome fab fa-youtube edgtf-icon-element\"><\/i>                    <\/a>\n            <\/span>\n<\/span>\n\t\t\t\t\t\t\t\t\t\t\t\t\t\t\t\t\t\t\t<span class=\"edgtf-team-icon\">    <span class=\"edgtf-icon-shortcode edgtf-normal   \">\n                    <a class=\"\" href=\"https:\/\/www.instagram.com\/qodeinteractive\/\" target=\"_blank\">\n                    <i class=\"edgtf-icon-font-awesome fab fa-instagram edgtf-icon-element\"><\/i>                    <\/a>\n            <\/span>\n<\/span>\n\t\t\t\t\t\t\t\t\t\t\t\t\t\t\t\t\t\t\t<span class=\"edgtf-team-icon\">    <span class=\"edgtf-icon-shortcode edgtf-normal   \">\n                    <a class=\"\" href=\"https:\/\/twitter.com\/QodeInteractive\" target=\"_blank\">\n                    <i class=\"edgtf-icon-font-awesome fab fa-twitter edgtf-icon-element\"><\/i>                    <\/a>\n            <\/span>\n<\/span>\n\t\t\t\t\t\t\t\t\t\t\t\t\t\t\t\t\t\t\t<span class=\"edgtf-team-icon\">    <span class=\"edgtf-icon-shortcode edgtf-normal   \">\n                    <a class=\"\" href=\"https:\/\/www.facebook.com\/QodeInteractive\/\" target=\"_blank\">\n                    <i class=\"edgtf-icon-font-awesome fab fa-facebook-f edgtf-icon-element\"><\/i>                    <\/a>\n            <\/span>\n<\/span>\n\t\t\t\t\t\t\t\t\t\t\t\t\t\t\t\t\t<\/div>\n\t\t\t\t\t\t\t\t\t\t\t\t\t<\/div>\n\t\t\t\t\t<\/div>\n\t\t\t\t<\/div>\n\t\t\t<\/div>\n\t\t\t\t<div class=\"edgtf-team-info\">\n\t\t\t\t\t\t\t<h5 class=\"edgtf-team-name\" >Richard West<\/h5>\n\t\t\t\t\t\t\t\t\t\t<p class=\"edgtf-team-position\" >Cameraman<\/p>\n\t\t\t\t\t<\/div>\n\t<\/div>\n<\/div>\t\t\t\t<\/div>\n\t\t\t\t<\/div>\n\t\t\t\t\t<\/div>\n\t\t<\/div>\n\t\t\t\t\t<\/div>\n\t\t<\/section>\n\t\t\t\t\t<\/div>\n\t\t<\/div>\n\t\t\t\t\t<\/div>\n\t\t<\/section>\n\t\t\t\t<section class=\"elementor-section elementor-top-section elementor-element elementor-element-605dee3a elementor-section-full_width elementor-section-height-default elementor-section-height-default edgtf-parallax-row-no edgtf-content-aligment-left edgtf-elementor-row-grid-no edgtf-disabled-bg-image-bellow-no\" data-id=\"605dee3a\" data-element_type=\"section\" data-e-type=\"section\" data-settings=\"{&quot;background_background&quot;:&quot;classic&quot;}\">\n\t\t\t\t\t\t<div class=\"elementor-container elementor-column-gap-default\">\n\t\t\t\t\t<div class=\"elementor-column elementor-col-100 elementor-top-column elementor-element elementor-element-5cc85f\" data-id=\"5cc85f\" data-element_type=\"column\" data-e-type=\"column\">\n\t\t\t<div class=\"elementor-widget-wrap elementor-element-populated\">\n\t\t\t\t\t\t<section class=\"elementor-section elementor-inner-section elementor-element elementor-element-5172f2af elementor-section-full_width edgtf-elementor-row-grid-section elementor-section-height-default elementor-section-height-default edgtf-parallax-row-no edgtf-content-aligment-left edgtf-disabled-bg-image-bellow-no\" data-id=\"5172f2af\" data-element_type=\"section\" data-e-type=\"section\">\n\t\t\t\t\t\t<div class=\"elementor-container elementor-column-gap-default\">\n\t\t\t\t\t<div class=\"elementor-column elementor-col-100 elementor-inner-column elementor-element elementor-element-2209e991\" data-id=\"2209e991\" data-element_type=\"column\" data-e-type=\"column\">\n\t\t\t<div class=\"elementor-widget-wrap elementor-element-populated\">\n\t\t\t\t\t\t<div class=\"elementor-element elementor-element-4a590454 elementor-widget elementor-widget-edgtf_clients_carousel\" data-id=\"4a590454\" data-element_type=\"widget\" data-e-type=\"widget\" data-widget_type=\"edgtf_clients_carousel.default\">\n\t\t\t\t<div class=\"elementor-widget-container\">\n\t\t\t\t\t\t\t<div class=\"edgtf-clients-carousel-holder edgtf-cc-hover-raising\">\n\t\t\t<div class=\"edgtf-cc-inner edgtf-owl-slider\" data-number-of-items=\"6\" data-enable-loop=\"yes\" data-enable-autoplay=\"yes\" data-slider-speed=\"5000\" data-slider-speed-animation=\"600\" data-enable-navigation=\"no\" data-enable-pagination=\"no\">\n\t\t\t\t<div class=\"edgtf-cc-item\">\n\t\t\t<a itemprop=\"url\" class=\"edgtf-cc-link edgtf-block-drag-link\" href=\"#\" target=\"_self\">\n\t\t\t\t\t\t<img decoding=\"async\" itemprop=\"image\" class=\"edgtf-cc-image\" src=\"https:\/\/muvimento.com\/wp-content\/uploads\/2018\/04\/Client-dark-img-6.png\" alt=\"a\" \/>\n\t\t\t\t\t\t\t<\/a>\n\t<\/div><div class=\"edgtf-cc-item\">\n\t\t\t<a itemprop=\"url\" class=\"edgtf-cc-link edgtf-block-drag-link\" href=\"#\" target=\"_self\">\n\t\t\t\t\t\t<img decoding=\"async\" itemprop=\"image\" class=\"edgtf-cc-image\" src=\"https:\/\/muvimento.com\/wp-content\/uploads\/2018\/04\/Client-dark-img-1.png\" alt=\"a\" \/>\n\t\t\t\t\t\t\t<\/a>\n\t<\/div><div class=\"edgtf-cc-item\">\n\t\t\t<a itemprop=\"url\" class=\"edgtf-cc-link edgtf-block-drag-link\" href=\"#\" target=\"_self\">\n\t\t\t\t\t\t<img decoding=\"async\" itemprop=\"image\" class=\"edgtf-cc-image\" src=\"https:\/\/muvimento.com\/wp-content\/uploads\/2018\/04\/Client-dark-img-2.png\" alt=\"a\" \/>\n\t\t\t\t\t\t\t<\/a>\n\t<\/div><div class=\"edgtf-cc-item\">\n\t\t\t<a itemprop=\"url\" class=\"edgtf-cc-link edgtf-block-drag-link\" href=\"#\" target=\"_self\">\n\t\t\t\t\t\t<img decoding=\"async\" itemprop=\"image\" class=\"edgtf-cc-image\" src=\"https:\/\/muvimento.com\/wp-content\/uploads\/2018\/04\/Client-dark-img-3.png\" alt=\"a\" \/>\n\t\t\t\t\t\t\t<\/a>\n\t<\/div><div class=\"edgtf-cc-item\">\n\t\t\t<a itemprop=\"url\" class=\"edgtf-cc-link edgtf-block-drag-link\" href=\"#\" target=\"_self\">\n\t\t\t\t\t\t<img decoding=\"async\" itemprop=\"image\" class=\"edgtf-cc-image\" src=\"https:\/\/muvimento.com\/wp-content\/uploads\/2018\/04\/Client-dark-img-4.png\" alt=\"a\" \/>\n\t\t\t\t\t\t\t<\/a>\n\t<\/div><div class=\"edgtf-cc-item\">\n\t\t\t<a itemprop=\"url\" class=\"edgtf-cc-link edgtf-block-drag-link\" href=\"#\" target=\"_self\">\n\t\t\t\t\t\t<img decoding=\"async\" itemprop=\"image\" class=\"edgtf-cc-image\" src=\"https:\/\/muvimento.com\/wp-content\/uploads\/2018\/04\/Client-dark-img-5.png\" alt=\"a\" \/>\n\t\t\t\t\t\t\t<\/a>\n\t<\/div>\t\t\t<\/div>\n\t\t<\/div>\n\t\t\t\t\t\t<\/div>\n\t\t\t\t<\/div>\n\t\t\t\t\t<\/div>\n\t\t<\/div>\n\t\t\t\t\t<\/div>\n\t\t<\/section>\n\t\t\t\t\t<\/div>\n\t\t<\/div>\n\t\t\t\t\t<\/div>\n\t\t<\/section>\n\t\t\t\t<\/div>\n\t\t","protected":false},"excerpt":{"rendered":"<p>4 YEARS 3 films FILMS 60 SCENES CHRISTIAN DEHUGO Licenciado en estudios superiores de m\u00fasica contempor\u00e1nea\u00a0en \u201cThames [&hellip;]<\/p>\n","protected":false},"author":1,"featured_media":0,"parent":0,"menu_order":0,"comment_status":"closed","ping_status":"closed","template":"full-width.php","meta":{"footnotes":""},"class_list":["post-4675","page","type-page","status-publish","hentry"],"_links":{"self":[{"href":"https:\/\/muvimento.com\/index.php?rest_route=\/wp\/v2\/pages\/4675","targetHints":{"allow":["GET"]}}],"collection":[{"href":"https:\/\/muvimento.com\/index.php?rest_route=\/wp\/v2\/pages"}],"about":[{"href":"https:\/\/muvimento.com\/index.php?rest_route=\/wp\/v2\/types\/page"}],"author":[{"embeddable":true,"href":"https:\/\/muvimento.com\/index.php?rest_route=\/wp\/v2\/users\/1"}],"replies":[{"embeddable":true,"href":"https:\/\/muvimento.com\/index.php?rest_route=%2Fwp%2Fv2%2Fcomments&post=4675"}],"version-history":[{"count":31,"href":"https:\/\/muvimento.com\/index.php?rest_route=\/wp\/v2\/pages\/4675\/revisions"}],"predecessor-version":[{"id":6951,"href":"https:\/\/muvimento.com\/index.php?rest_route=\/wp\/v2\/pages\/4675\/revisions\/6951"}],"wp:attachment":[{"href":"https:\/\/muvimento.com\/index.php?rest_route=%2Fwp%2Fv2%2Fmedia&parent=4675"}],"curies":[{"name":"wp","href":"https:\/\/api.w.org\/{rel}","templated":true}]}}